at is the hundreds digit of 38115?
1
What is the hundreds digit of 144723?
7
What is the tens digit of 1242?
4
What is the tens digit of 14455?
5
What is the thousands digit of 28753?
8
What is the hundreds digit of 423?
4
What is the hundreds digit of 871?
8
What is the hundreds digit of 1464?
4
What is the hundreds digit of 3983?
9
What is the units digit of 8268?
8
What is the thousands digit of 72782?
2
What is the tens digit of 551?
5
What is the units digit of 49774?
4
What is the hundreds digit of 12649?
6
What is the thousands digit of 5829?
5
What is the units digit of 1827?
7
What is the hundreds digit of 1013?
0
What is the tens digit of 275?
7
What is the hundreds digit of 6703?
7
What is the units digit of 2043?
3
What is the units digit of 4483?
3
What is the tens digit of 377?
7
What is the hundreds digit of 340?
3
What is the tens digit of 120?
2
What is the units digit of 7086?
6
What is the tens digit of 5247?
4
What is the hundreds digit of 4788?
7
What is the ten thousands digit of 10000?
1
What is the tens digit of 6038?
3
What is the thousands digit of 6057?
6
What is the thousands digit of 3593?
3
What is the hundreds digit of 63271?
2
What is the thousands digit of 2699?
2
What is the tens digit of 13311?
1
What is the units digit of 1167?
7
What is the tens digit of 905?
0
What is the hundreds digit of 740?
7
What is the tens digit of 9784?
8
What is the tens digit of 129945?
4
What is the hundreds digit of 44938?
9
What is the ten thousands digit of 82792?
8
What is the tens digit of 1456?
5
What is the hundreds digit of 110724?
7
What is the hundreds digit of 631?
6
What is the hundreds digit of 2680?
6
What is the thousands digit of 38374?
8
What is the tens digit of 102188?
8
What is the units digit of 72002?
2
What is the thousands digit of 9543?
9
What is the hundreds digit of 2824?
8
What is the hundreds digit of 15822?
8
What is the tens digit of 383?
8
What is the tens digit of 2620?
2
What is the tens digit of 350?
5
What is the tens digit of 38274?
7
What is the hundreds digit of 33076?
0
What is the units digit of 96515?
5
What is the thousands digit of 2640?
2
What is the hundred thousands digit of 135440?
1
What is the thousands digit of 13339?
3
What is the tens digit of 18533?
3
What is the tens digit of 16319?
1
What is the hundreds digit of 13698?
6
What is the thousands digit of 1661?
1
What is the hundreds digit of 1162?
1
What is the tens digit of 786?
8
What is the thousands digit of 19527?
9
What is the thousands digit of 80256?
0
What is the hundreds digit of 1609?
6
What is the tens digit of 2945?
4
What is the ten thousands digit of 58161?
5
What is the ten thousands digit of 11422?
1
What is the thousands digit of 5477?
5
What is the tens digit of 3464?
6
What is the units digit of 719?
9
What is the tens digit of 2726?
2
What is the tens digit of 1536?
3
What is the tens digit of 19665?
6
What is the hundreds digit of 2005?
0
What is the thousands digit of 48444?
8
What is the tens digit of 5351?
5
What is the hundreds digit of 268?
2
What is the tens digit of 5954?
5
What is the thousands digit of 12819?
2
What is the units digit of 91330?
0
What is the ten thousands digit of 73272?
7
What is the hundreds digit of 1288?
2
What is the thousands digit of 5364?
5
What is the thousands digit of 2091?
2
What is the thousands digit of 11960?
1
What is the tens digit of 71332?
3
What is the thousands digit of 17181?
7
What is the tens digit of 24316?
1
What is the hundreds digit of 1608?
6
What is the tens digit of 54238?
3
What is the thousands digit of 2866?
2
What is the thousands digit of 5402?
5
What is the tens digit of 749?
4
What is the tens digit of 827?
2
What is the tens digit of 66786?
8
What is the units digit of 1810?
0
What is the tens digit of 1270?
7
What is the tens digit of 1977?
7
What is the tens digit of 111217?
1
What is the units digit of 180?
0
What is the thousands digit of 78859?
8
What is the tens digit of 461?
6
What is the units digit of 654?
4
What is the thousands digit of 19673?
9
What is the units digit of 47064?
4
What is the hundreds digit of 14158?
1
What is the hundreds digit of 420?
4
What is the units digit of 203?
3
What is the hundreds digit of 521?
5
What is the units digit of 8596?
6
What is the tens digit of 1020?
2
What is the tens digit of 51817?
1
What is the hundreds digit of 140?
1
What is the ten thousands digit of 11733?
1
What is the ten thousands digit of 36451?
3
What is the thousands digit of 9943?
9
What is the thousands digit of 1506?
1
What is the thousands digit of 1830?
1
What is the hundreds digit of 9647?
6
What is the hundreds digit of 60798?
7
What is the hundreds digit of 7391?
3
What is the thousands digit of 1775?
1
What is the thousands digit of 1907?
1
What is the thousands digit of 21010?
1
What is the ten thousands digit of 72489?
7
What is the hundreds digit of 530?
5
What is the hundreds digit of 8110?
1
What is the hundreds digit of 43957?
9
What is the thousands digit of 36993?
6
What is the tens digit of 63980?
8
What is the hundreds digit of 40290?
2
What is the thousands digit of 14706?
4
What is the units digit of 11878?
8
What is the tens digit of 2054?
5
What is the units digit of 69672?
2
What is the units digit of 137380?
0
What is the ten thousands digit of 43653?
4
What is the ten thousands digit of 105731?
0
What is the units digit of 6928?
8
What is the tens digit of 3601?
0
What is the units digit of 54673?
3
What is the units digit of 4482?
2
What is the units digit of 27273?
3
What is the thousands digit of 6533?
6
What is the thousands digit of 18166?
8
What is the units digit of 1071?
1
What is the hundreds digit of 44185?
1
What is the thousands digit of 22291?
2
What is the units digit of 3185?
5
What is the hundreds digit of 27107?
1
What is the tens digit of 546?
4
What is the thousands digit of 10058?
0
What is the units digit of 27931?
1
What is the units digit of 103262?
2
What is the hundreds digit of 102212?
2
What is the hundreds digit of 16893?
8
What is the tens digit of 995?
9
What is the hundreds digit of 7054?
0
What is the thousands digit of 2786?
2
What is the hundreds digit of 1075?
0
What is the units digit of 17103?
3
What is the thousands digit of 91714?
1
What is the units digit of 9841?
1
What is the units digit of 12282?
2
What is the ten thousands digit of 23979?
2
What is the tens digit of 126?
2
What is the units digit of 81587?
7
What is the units digit of 211?
1
What is the tens digit of 461?
6
What is the hundreds digit of 389?
3
What is the units digit of 9782?
2
What is the tens digit of 8694?
9
What is the units digit of 740?
0
What is the tens digit of 876?
7
What is the hundreds digit of 302?
3
What is the units digit of 435?
5
What is the tens digit of 74680?
8
What is the units digit of 132515?
5
What is the tens digit of 18045?
4
What is the tens digit of 950?
5
What is the hundreds digit of 35883?
8
What is the ten thousands digit of 13291?
1
What is the tens digit of 4981?
8
What is the units digit of 26?
6
What is the units digit of 79298?
8
What is the thousands digit of 8717?
8
What is the thousands digit of 3162?
3
What is the units digit of 923?
3
What is the hundreds digit of 895?
8
What is the units digit of 1406?
6
What is the tens digit of 11639?
3
What is the thousands digit of 1080?
1
What is the thousands digit of 1020?
1
What is the units digit of 159?
9
What is the thousands digit of 1850?
1
What is the hundreds digit of 16235?
2
What is the hundreds digit of 4805?
8
What is the thousands digit of 1197?
1
What is the tens digit of 16103?
0
What is the ten thousands digit of 75400?
7
What is the tens digit of 61981?
8
What is the ten thousands digit of 10393?
1
What is the hundreds digit of 15021?
0
What is the units digit of 6222?
2
What is the hundreds digit of 895?
8
What is the hundreds digit of 15880?
8
What is the units digit of 19685?
5
What is the hundreds digit of 2939?
9
What is the tens digit of 516?
1
What is the tens digit of 29405?
0
What is the thousands digit of 6096?
6
What is the thousands digit of 2511?
2
What is the hundreds digit of 1724?
7
What is the thousands digit of 4200?
4
What is the units digit of 771?
1
What is the thou